{"id":104,"date":"2022-05-25T00:23:23","date_gmt":"2022-05-25T00:23:23","guid":{"rendered":"https:\/\/augustojunior.com.br\/blog\/?page_id=104"},"modified":"2024-05-13T15:32:41","modified_gmt":"2024-05-13T15:32:41","slug":"pitbulls-urgente","status":"publish","type":"page","link":"https:\/\/augustojunior.com.br\/blog\/pitbulls-urgente\/","title":{"rendered":"#PitBulls &#8220;URGENTE&#8221;"},"content":{"rendered":"<p style=\"text-align: center\"><strong>Minha \u00fanica inten\u00e7\u00e3o aqui \u00e9 viabilizar solu\u00e7\u00f5es para dar o m\u00ednimo de qualidade de vida ao meus melhores AuMIGOS!<\/strong><\/p>\n<p><span style=\"font-weight: 400\">Sei bem que quem coloca a cara na janela recebe o ar fresco, mas tamb\u00e9m est\u00e1 sujeito a receber chuvas e tempestades, muitas pessoas n\u00e3o gostam de animais e outras gostam tanto que se metem na cria\u00e7\u00e3o dos outros, considerando tudo como maus tratos, sem saber o motivo de cada manejo.<\/span><\/p>\n<p><img loading=\"lazy\" decoding=\"async\" class=\"alignnone size-full wp-image-133\" style=\"font-size: 1rem\" src=\"https:\/\/augustojunior.com.br\/blog\/wp-content\/uploads\/2022\/07\/Dogs.png\" alt=\"\" width=\"500\" height=\"500\" srcset=\"https:\/\/augustojunior.com.br\/blog\/wp-content\/uploads\/2022\/07\/Dogs.png 500w, https:\/\/augustojunior.com.br\/blog\/wp-content\/uploads\/2022\/07\/Dogs-300x300.png 300w, https:\/\/augustojunior.com.br\/blog\/wp-content\/uploads\/2022\/07\/Dogs-150x150.png 150w, https:\/\/augustojunior.com.br\/blog\/wp-content\/uploads\/2022\/07\/Dogs-100x100.png 100w\" sizes=\"auto, (max-width: 500px) 100vw, 500px\" \/><\/p>\n<p><span style=\"font-size: 1rem\"><span style=\"font-weight: 400\">Tenho quatro dogs SRD<\/span> (Sem Ra\u00e7a Definida, mas com apar\u00eancia de PitBull), uma f\u00eamea <strong>&#8220;Lily&#8221;<\/strong> e tr\u00eas machos <strong>&#8220;Jordan, Luther e Aquiles&#8221;<\/strong>, no in\u00edcio tive a ilus\u00e3o de estar criando uma matilha feliz e que viver\u00edamos juntos e misturados em nenhum problema, hoje sei que para o pr\u00f3prio bem deles \u00e9 necess\u00e1rio isol\u00e1-los para evitar confus\u00e3o por ci\u00fames ou por um se meter na alimenta\u00e7\u00e3o ou no foco de aten\u00e7\u00e3o do outro.<\/span><\/p>\n<p>Para fazer isto com seguran\u00e7a eu desenvolvi \u00a0um projeto em 3D de um \u201ccanil m\u00f3vel\u201d, ultra resistente e feito sob medida para quem tem c\u00e3es de m\u00e9dio e grande porte que eventualmente precisam de um local para prender o animal, fazendo um manejo respons\u00e1vel e evitando acidentes, proporcionando o maior conforto poss\u00edvel para o pet.<\/p>\n<p><img loading=\"lazy\" decoding=\"async\" class=\"alignnone size-full wp-image-117 aligncenter\" src=\"https:\/\/augustojunior.com.br\/blog\/wp-content\/uploads\/2022\/06\/Canil.png\" alt=\"\" width=\"439\" height=\"523\" srcset=\"https:\/\/augustojunior.com.br\/blog\/wp-content\/uploads\/2022\/06\/Canil.png 439w, https:\/\/augustojunior.com.br\/blog\/wp-content\/uploads\/2022\/06\/Canil-252x300.png 252w\" sizes=\"auto, (max-width: 439px) 100vw, 439px\" \/><\/p>\n<p>Utilizando conceitos de Economia Criativa vou disponibilizar o arquivo original do projeto em 3D para quem quiser, vou fabricar e documentar todo o processo atrav\u00e9s de v\u00eddeos em um blog para que os interessados acompanhem o avan\u00e7o do projeto, implementando melhorias sugeridas por aqueles que decidirem colaborar.<\/p>\n<p>Para colaborar \u00e9 s\u00f3 comprar o E-book\u00a0 Pit&amp;Bulls &#8211; #ProjetoAnti171<\/p>\n<figure id=\"attachment_203\" aria-describedby=\"caption-attachment-203\" style=\"width: 380px\" class=\"wp-caption aligncenter\"><a href=\"https:\/\/hotmart.com\/pt-br\/marketplace\/produtos\/pit-bulls-projetoanti171\/B82746773G?sck=HOTMART_MEM_CA&amp;off=n0jebiq4\" target=\"_blank\" rel=\"noopener\"><img loading=\"lazy\" decoding=\"async\" class=\"wp-image-203 size-full\" src=\"https:\/\/augustojunior.com.br\/blog\/wp-content\/uploads\/2024\/05\/Botao-Compre-Ebook.jpg\" alt=\"Pit&amp;Bulls - #ProjetoAnti171\" width=\"380\" height=\"168\" srcset=\"https:\/\/augustojunior.com.br\/blog\/wp-content\/uploads\/2024\/05\/Botao-Compre-Ebook.jpg 380w, https:\/\/augustojunior.com.br\/blog\/wp-content\/uploads\/2024\/05\/Botao-Compre-Ebook-300x133.jpg 300w\" sizes=\"auto, (max-width: 380px) 100vw, 380px\" \/><\/a><figcaption id=\"caption-attachment-203\" class=\"wp-caption-text\">Compre o E-Book e colabore com o projeto e com o meu &#8220;Plano Infal\u00edvel&#8221;<\/figcaption><\/figure>\n<p>A cada E-book o colaborador que enviar o comprovante de compra com a hashtag #Pit&amp;bulls atrav\u00e9s d pagina augustojunior.com.br\/#contato receber\u00e1 uma NFT com uma s\u00e9rie num\u00e9rica equivalente a ordem de chegada do comprovante, sendo usada ordem alfab\u00e9tica como crit\u00e9rio de desempate. Estas NFT\u2019s dar\u00e3o o direito de participar de sorteios usando os resultados da Loteria Federal.<\/p>\n<p>Utilize\u00a0<a href=\"https:\/\/augustojunior.com.br\/#contato\"><b>este link<\/b><\/a> para enviar o comprovante da compra e receba em seu email acesso ao grupo de WPP, Telegram e da p\u00e1gina privada no Facebook onde ser\u00e1 efetuada a divulga\u00e7\u00e3o do progresso do projeto e a presta\u00e7\u00e3o de contas da utiliza\u00e7\u00e3o do valor arrecadado com total transpar\u00eancia.<\/p>\n<p>A cada 1000 NFT\u2019s emitidas ser\u00e3o sorteados 05 canis que ser\u00e3o fabricados sob encomenda at\u00e9 o valor de R$ 3.000,00 ou um PIX no mesmo valor de acordo com a op\u00e7\u00e3o do ganhador, o restante arrecadado ser\u00e1 usado para fabrica\u00e7\u00e3o dos canis de meus dogs e para manuten\u00e7\u00e3o deles.<\/p>\n<p>1000 NFT\u2019s\u00a0 = R$ 30.000,00 \u2013 Valor total arrecadado<br \/>\n50%\u00a0 \u00a0 \u00a0 \u00a0 \u00a0 \u00a0 \u00a0 \u00a0 \u00a0 \u00a0= R$ 15.000,00 \u2013 Valor para meus pets\/Marketing<br \/>\n50%\u00a0 \u00a0 \u00a0 \u00a0 \u00a0 \u00a0 \u00a0 \u00a0 \u00a0 \u00a0= R$ 15.000,00 \u2013 Valor a ser dividido em 5 cotas de R$ 3.000,00 que ser\u00e3o sorteadas entre os compradores do E-Book<\/p>\n<p>Colabore com o projeto:<br \/>\nHastag #Pit&amp;Bulls<br \/>\n<a href=\"https:\/\/hotmart.com\/pt-br\/marketplace\/produtos\/pit-bulls-projetoanti171\/B82746773G?sck=HOTMART_MEM_CA&amp;off=n0jebiq4\">Compre o E-Book<\/a><br \/>\nOu se preferir doar diretamente:<br \/>\nPIX: anti171@augustojunior.com.br<br \/>\nComprovante: <a href=\"https:\/\/augustojunior.com.br\/#contato\">augustojunior.com.br\/#contato<\/a><\/p>\n<p><img loading=\"lazy\" decoding=\"async\" class=\"alignnone size-full wp-image-119 aligncenter\" src=\"https:\/\/augustojunior.com.br\/blog\/wp-content\/uploads\/2022\/06\/Pets-2.png\" alt=\"\" width=\"572\" height=\"490\" srcset=\"https:\/\/augustojunior.com.br\/blog\/wp-content\/uploads\/2022\/06\/Pets-2.png 572w, https:\/\/augustojunior.com.br\/blog\/wp-content\/uploads\/2022\/06\/Pets-2-300x257.png 300w\" sizes=\"auto, (max-width: 572px) 100vw, 572px\" \/><\/p>\n<p style=\"text-align: center\"><strong>ELES E EU AGRADECEMOS DE TODO O CORA\u00c7\u00c3O.<\/strong><\/p>\n","protected":false},"excerpt":{"rendered":"<p>Minha \u00fanica inten\u00e7\u00e3o aqui \u00e9 viabilizar solu\u00e7\u00f5es para dar o m\u00ednimo de qualidade de vida ao meus melhores AuMIGOS! Sei bem que quem coloca a cara na janela recebe o ar fresco, mas tamb\u00e9m est\u00e1 sujeito a receber chuvas e tempestades, muitas pessoas n\u00e3o gostam de animais e outras gostam tanto que se metem na &hellip; <\/p>\n<p class=\"link-more\"><a href=\"https:\/\/augustojunior.com.br\/blog\/pitbulls-urgente\/\" class=\"more-link\">Continue lendo<span class=\"screen-reader-text\"> &#8220;#PitBulls &#8220;URGENTE&#8221;&#8221;<\/span><\/a><\/p>\n","protected":false},"author":2,"featured_media":0,"parent":0,"menu_order":0,"comment_status":"closed","ping_status":"closed","template":"","meta":{"footnotes":""},"class_list":["post-104","page","type-page","status-publish","hentry"],"_links":{"self":[{"href":"https:\/\/augustojunior.com.br\/blog\/wp-json\/wp\/v2\/pages\/104","targetHints":{"allow":["GET"]}}],"collection":[{"href":"https:\/\/augustojunior.com.br\/blog\/wp-json\/wp\/v2\/pages"}],"about":[{"href":"https:\/\/augustojunior.com.br\/blog\/wp-json\/wp\/v2\/types\/page"}],"author":[{"embeddable":true,"href":"https:\/\/augustojunior.com.br\/blog\/wp-json\/wp\/v2\/users\/2"}],"replies":[{"embeddable":true,"href":"https:\/\/augustojunior.com.br\/blog\/wp-json\/wp\/v2\/comments?post=104"}],"version-history":[{"count":6,"href":"https:\/\/augustojunior.com.br\/blog\/wp-json\/wp\/v2\/pages\/104\/revisions"}],"predecessor-version":[{"id":204,"href":"https:\/\/augustojunior.com.br\/blog\/wp-json\/wp\/v2\/pages\/104\/revisions\/204"}],"wp:attachment":[{"href":"https:\/\/augustojunior.com.br\/blog\/wp-json\/wp\/v2\/media?parent=104"}],"curies":[{"name":"wp","href":"https:\/\/api.w.org\/{rel}","templated":true}]}}